by q(p)?
6
Let g = 117 - 108. Suppose -116 = -11*y + g*y. Calculate the remainder when y is divided by 12.
10
Let h = -111 + 185. Let o = h - 64. Calculate the remainder when 36 is divided by o.
6
Suppose 0 = z, -5*z + 8 = -2*j + 6*j. Calculate the remainder when 12 is divided by j.
0
Let y(p) = 5*p**3 - 1. Let m be y(1). Suppose -m*d - 75 = -7*d. Calculate the remainder when 74 is divided by d.
24
Let z(w) = -2*w - 9. Calculate the remainder when 76 is divided by z(-18).
22
Let p = -11 + 31. Suppose 14 = 2*f + f + 4*q, 3*f = 2*q + p. Calculate the remainder when f is divided by 2.
0
What is the remainder when 637 is divided by (-95)/(-3) + (-13)/(-39)?
29
Let x be (4/(-10))/((-264)/(-1980)). Suppose -i = -5*i. Let c = i - x. What is the remainder when 3 is divided by c?
0
Let b = 278 - 181. Calculate the remainder when b is divided by 17.
12
Suppose 0 = -3*r + r + 28. Let t(l) = 4*l**3 + l**2 + 3*l - 4. Calculate the remainder when t(2) is divided by r.
10
Let v = -778 - -795. Let x(n) = 15*n - 7. What is the remainder when x(6) is divided by v?
15
Let o be -2*(10/(-2) - -3). Let b be -1*3/(-3) + -1. Suppose 5*u + 0*u - o*k - 232 = b, 4*u - 198 = -3*k. Calculate the remainder when u is divided by 13.
9
Suppose 5*y + 36 = 101. Let o = 24 - y. Calculate the remainder when 41 is divided by o.
8
Suppose -4*i - 300 = 2*u, 0 = -5*u + 4*i - 570 - 180. Let t(q) = q**2 - 6*q + 2. Let b be t(4). Calculate the remainder when u/(-4) - (-3)/b is divided by 19.
18
Let q = -6 - -8. Suppose 0 = -w - 4*v + 7, 8 = q*w + v + 1. Suppose l - c = -0 - w, -l + 3*c = 13. Calculate the remainder when 3 is divided by l.
1
Suppose 1 = -5*u + 231. Suppose -29 - u = -5*v. Calculate the remainder when v is divided by 11 + (-2 - (-2 - -3)).
7
Suppose 1554 = 2*o - 4*p, -p = -63 + 67. What is the remainder when o is divided by 86?
81
Suppose 6*t - 52 = 50. Suppose 29 = t*n - 16*n. Calculate the remainder when n is divided by 18.
11
Suppose -3 - 9 = -3*w. Suppose -4*d + 28 = -0. Let r(b) = -b + 14. Calculate the remainder when r(d) is divided by w.
3
Let x = -3 - -27. Calculate the remainder when 1218/18 - 1*(-4)/12 is divided by x.
20
Suppose -x + 0*x = -4*y + 94, 114 = 5*y - 3*x. Suppose -10*d + 166 = -y. Calculate the remainder when (-3)/(-4)*(1 - -43) is divided by d.
14
Suppose -2*x = 2*x - 2*s - 18, -5*s = -2*x + 13. Suppose 0 = -0*f + x*f - 436. Let r(u) = 2*u**2 - 9*u - 7. Calculate the remainder when f is divided by r(7).
25
Let u(x) = x**3 + 10*x**2 + 10*x + 5. Let g be u(-9). Let z be (4 - 0)*(-7)/g. What is the remainder when 23 is divided by 246/21 + 2/z?
11
Let x = -179 - -198. Calculate the remainder when 149 is divided by x.
16
Let u = -8 - -30. Let v = 23 - u. Calculate the remainder when 3 is divided by v.
0
Suppose 6*j + 27 = -27. Let n(q) = q + 17. What is the remainder when 13 is divided by n(j)?
5
Suppose -4*i = -0*t - t - 25, 4*t = -2*i + 8. Calculate the remainder when 376 is divided by i.
4
Let c = -160 - -183. What is the remainder when c is divided by 3?
2
Let k = 17 + -13. Suppose -3 = -k*a + 2*u + 69, 4*a + 4*u - 96 = 0. What is the remainder when 37 is divided by a?
17
Suppose -15 + 5 = -5*g. Suppose -7*r + 2*r - j + 52 = 0, -j = -g. What is the remainder when 127 is divided by r?
7
Suppose -3*o = 23 - 8, -3*p - 43 = -4*o. Let b = -9 - p. Suppose -w + b = -k + 3*w, 0 = k - w. Calculate the remainder when 19 is divided by k.
3
Let j = -34 - -47. Suppose 7*v - j*v = -180. What is the remainder when 117 is divided by v?
27
Let a(o) = -15*o**2 - 4 + 14*o**2 - 22*o**3 + 5. What is the remainder when a(-1) is divided by 10?
2
Suppose -f = 250 - 296. What is the remainder when 275 is divided by f?
45
Let w = -1197 - -1226. Calculate the remainder when 114 is divided by w.
27
Let k(a) = 2*a - 7. Suppose 4*m - 4*u - 36 = 0, 61 = 5*m - 4*u + 11. What is the remainder when k(m) is divided by 2?
1
Let u = -2806 - -3027. Calculate the remainder when u is divided by 25.
21
Let l(y) = -58*y**3 + 3*y**2 + 10*y + 6. Calculate the remainder when 454 is divided by l(-1).
55
What is the remainder when (-75 - (-24)/(-6))/(3/(-51)) is divided by 28?
27
Let q(f) = 5*f**2 - f - 24. What is the remainder when q(-5) is divided by 27?
25
Suppose 5*w - 5*y + y + 1 = 0, 3*y = 3*w + 3. Suppose w*o = 63 - 12. What is the remainder when o is divided by 10?
7
Suppose 5*o - 843 = 1062. Calculate the remainder when o is divided by 12.
9
Suppose -4*c = -c. Suppose 0 = -4*b - c*b + 56. Let m = b + -6. Calculate the remainder when 18 is divided by m.
2
Let y(h) = -h**3 - 2*h**2 - 1. What is the remainder when y(-5) is divided by (-1 - -8)*(-560)/(-196)?
14
Suppose i - 4*v - 101 = 0, v + 480 = 5*i - 82. What is the remainder when 561 is divided by i?
109
Suppose -2*x + 60 = -0*x - 4*l, 4*x - 3*l = 120. Calculate the remainder when x is divided by 5.
0
Let w be (-12)/(-9) - (-39)/(-9). Let h = 11 + w. What is the remainder when 12/h + 381/6 is divided by 17?
14
Suppose 140*o + 1054 = y + 145*o, -5*y - 5*o + 5370 = 0. What is the remainder when y is divided by 72?
71
Let q(b) = b**3 - 6*b**2 + 7*b - 7. Let u be q(5). Suppose -4 = -d + u. Let w = 21 + d. What is the remainder when w is divided by 15?
13
Let k be (6 + 2)*(-104)/(-16). What is the remainder when (k/(-6))/(8/(-24)) is divided by 15?
11
Suppose -4*j + 22 = -2*r, -4*j - 9 = -2*j + 3*r. Suppose 0 = -k - j*k + 20. Suppose y = k + 13. Calculate the remainder when 52 is divided by y.
16
Let n(x) = x**3 - x**2 - 3*x - 3. Let v be n(3). Suppose -3*h = -v*h + 39. What is the remainder when (-2)/(-12)*-15*-20 is divided by h?
11
Suppose 0 = 4*u - 68 + 12. Let k(f) = 6*f - 15. Let m(d) = -d + 3. Let g(w) = 2*k(w) + 11*m(w). What is the remainder when g(u) is divided by 6?
5
Suppose 55*z = 51*z. Suppose 5*b + z*h - 5*h - 120 = 0, 5*b - 112 = -3*h. Calculate the remainder when 183 is divided by b.
22
Suppose -38*l = -41*l + 6. Suppose 2*v + 5*i = 30, l*v + 3*i - 5*i = 2. Calculate the remainder when v is divided by 3.
2
Let t = -79 - -89. Let o(s) = -4*s + 1. Let b be o(-1). Suppose -b*n + 0*n = -3*x + 109, 0 = n + 5. Calculate the remainder when x is divided by t.
8
Let i(r) = 11*r**3 + r**2 - r + 1. Suppose 3*y = -2*q + 5*q - 117, -q = 5*y - 15. What is the remainder when q is divided by i(1)?
11
Let n be 0 + 8 + -3 + 3. Let o = -9 + 11. Calculate the remainder when (21 - n/o) + -2 is divided by 8.
7
Let x = -177 + 292. Suppose 2*b - 69 = -3*k, -5*k + x = -b + 4*b. Suppose 5*w = -2*s + 165, -97*w = -95*w + 6. Calculate the remainder when s is divided by k.
21
Let s(f) = 3*f**2 + 5. Suppose -4*r + 105 = 5*u, 2*u + 11*r - 12*r - 42 = 0. Calculate the remainder when s(-5) is divided by u.
17
Let n(y) = 8*y + y**2 + 1 + y + 3. Suppose -3*o - 21 = i, 0 = -o + 3*o + 8. What is the remainder when 10 is divided by n(i)?
2
Let b(u) = u**3 - 9*u**2 + 7*u + 8. Let p be b(8). Suppose -4*f + 12 = p, 3*x + 4*f = -1 + 19. What is the remainder when 7 is divided by (3/x)/(9/18)?
1
Let i(k) = 2*k - 29. Let y be i(12). Suppose n + 5 = 0, 2*h - 53 = -2*h + 5*n. What is the remainder when y + 2 - (-4 + 3 + -27) is divided by h?
4
Suppose 4*a + 19 = a + 5*t, 4*a - 3*t + 7 = 0. Suppose 2*s - 26 = a*u, -3*s + 0*u + 11 = 4*u. Calculate the remainder when 52 is divided by s.
7
Suppose 5*u + s - 115 = 0, -46*u = -43*u - s - 69. Suppose 5*f - n - 67 = -2, 5*n = 5*f - 85. Calculate the remainder when u is divided by f.
11
Let o = -6 - -16. Let l = -37 - -61. Calculate the remainder when (-93)/(-5) - l/40 is divided by o.
8
Let y(b) = -b**3 + 6*b**2 - 5*b + 3. Calculate the remainder when 153 is divided by y(3).
3
Suppose -6*m + 56 = -5*m. Suppose -5*i - m = -9*i. What is the remainder when 81 is divided by i?
11
Let z = 257 + -232. What is the remainder when 121 is divided by z?
21
Suppose -64 = -5*s - j, 2*s = j - 3*j + 24. Let t = 94 + -45. Let y = 54 - t. What is the remainder when s is divided by y?
3
Let s = -418 + 432. Let t = 18 + -9. Calculate the remainder when s is divided by t.
5
Let i(n) = n**3 + 14*n**2 + 11*n - 21. Let f be i(-13). Suppose -f*j - 55 = -2*o, 4*j + 43 = o + 8. What is the remainder when o is divided by 6?
3
Let c = 6 - 4. Suppose -3*q + 2 = -5*o + 1, 3*q - 4*o = 2. Suppose -c*m - 67 = -q*n + 3*m, -90 = -3*n - 3*m. Calculate the 